.
148
Let i(p) = -3*p + 18. Suppose 2*r + 10 = 4*r. Let t be i(r). Let l be 13/t + (-6)/(-9). What is the greatest common divisor of l and 10?
5
Let y = 7 + -2. Suppose 0 = -3*m + 5*f - 32 - 2, -84 = 4*m + 3*f. Let v(c) = -c**2 - 18*c + 40. Let b be v(m). What is the highest common factor of b and y?
5
Let j be (-62672)/64 + (-6)/8. Let m = -476 - j. Calculate the highest common divisor of m and 63.
63
Suppose 0 = c + 3*z - 11, 0*z + 2*z = -6. What is the greatest common divisor of 5540 and c?
20
Suppose 20020 = -65*w + 130*w. Calculate the greatest common divisor of 66 and w.
22
Suppose 0*p = 3*p - 15. Suppose -4*u - 12 = -5*u + 2*b, -p*u - 2*b = 0. Suppose 4*a + u*a = 846. Calculate the highest common divisor of a and 47.
47
Suppose 18*r - 595 - 17897 = -49*r. What is the highest common factor of 120 and r?
12
Let s(v) be the first derivative of 5*v**3/3 - 91*v**2/2 + 22*v + 5. Let r be s(18). Calculate the greatest common divisor of 32 and r.
4
Suppose 3*q = -6*q + 6581 + 1294. Calculate the highest common divisor of 275 and q.
25
Let w = 32 + 89. Let v = w + -69. Suppose 11*z - 70 - 216 = 0. Calculate the greatest common factor of z and v.
26
Suppose -5*i = -4*t + 8, -i + 8 = -3*i. Let m be (t/4 - -1)/((-1)/(-4)). Let g be 35/(m/(-2 + 1 + 2)). What is the highest common factor of 7 and g?
7
Let k = 1309 + -816. What is the highest common divisor of 29 and k?
29
Let f = 123 + -88. Suppose -2*t + 17*y - 16*y + 27 = 0, -2*t = -6*y - 22. Calculate the greatest common factor of t and f.
7
Suppose -8*z = -3*u - 13*z + 426, u = 5*z + 102. Let j be 8/14*(-21)/(-6). Suppose 0 = -j*v + 12 + 12. What is the highest common divisor of v and u?
12
Let g(v) = -8*v + 27 + 2*v - 32 - v. Let z be g(-5). Calculate the highest common divisor of 24 and z.
6
Let l = -5176 - -5499. Calculate the highest common factor of l and 19.
19
Let b = -21701 - -22025. What is the highest common divisor of 4077 and b?
27
Let k(l) = 18*l**3 + l**2 - 1. Let n be k(1). Suppose -9*r - 2703 + 3108 = 0. Calculate the greatest common divisor of r and n.
9
Let b = -964 + 688. Let p = b - -284. Calculate the highest common divisor of p and 216.
8
Let j(d) = -d**3 - 6*d**2 + 3. Let s be j(-6). Suppose -4*v = s*u + 4 + 30, -28 = 2*u + 4*v. Let m = 0 - u. What is the highest common divisor of 18 and m?
6
Suppose -2*z - j - 641 = -3394, 4*j = -4. Calculate the highest common divisor of 81 and z.
81
Let k = -33043 - -33235. Calculate the highest common factor of 4728 and k.
24
Suppose 0 = a + 4*g + 24, 3*a - g - 3*g = -24. Let c be (-3)/a - 633/(-12). Suppose -c = -5*b + 22. Calculate the greatest common divisor of b and 15.
15
Suppose 11*t + 3135 = 9383. What is the highest common factor of 1278 and t?
142
Let i(g) = 248*g + 7926. Let v be i(-30). Calculate the greatest common factor of 2592 and v.
162
Let l be 89699/57 + -6*2/(-9). What is the highest common divisor of l and 189?
63
Suppose -6*y + 294 = 8*y. Suppose 325 = -20*n + 2005. Calculate the highest common factor of n and y.
21
Let o be -3*((-9)/15 - (-244)/(-60)). Suppose -z + 4*p = -o, -4*p = -5*z + p - 5. Let a be z/4*(84/(-18) - -4). Calculate the highest common factor of a and 5.
1
Let h = -2330 + 3474. What is the highest common factor of 352 and h?
88
Suppose -u - 68236 + 68374 = 0. Calculate the greatest common factor of u and 2553.
69
Suppose 0 = l + 5*o - 33, -2*l + 66 = o + 45. Suppose j = 22 + 8. Calculate the highest common divisor of l and j.
2
Let b(t) = 7*t - 97. Suppose -2*a + 5*s = -18, -15*a + 22 = -13*a - 3*s. Let i be b(a). Calculate the greatest common factor of i and 9.
1
Let u(z) be the first derivative of -z**2 - 18. Let a be u(-6). What is the highest common divisor of a and 6?
6
Suppose 8*c - 18*c = -15950. Suppose -23*u = -12*u - c. Calculate the highest common factor of 87 and u.
29
Suppose 20*f - 62*f + 24*f = -1044. What is the greatest common divisor of f and 522?
58
Suppose -24*q = -31*q. Suppose q = 6*r - 221 - 661. What is the highest common factor of r and 539?
49
Suppose 8*s + u - 5109 = 7*s, -s = -u - 5103. Calculate the highest common factor of s and 138.
138
Suppose 2 + 26 = 7*j. Let u = 27 - 23. Suppose 7*q + 30 = d + 2*q, u*q = -5*d + 92. Calculate the highest common divisor of j and d.
4
Let d = 260 + 976. What is the highest common divisor of d and 36?
12
Let f(z) = 3*z**2 - 57*z - 635. Let w be f(35). What is the highest common factor of 190 and w?
95
Let p be (-4730)/(-99) + 2/9. Suppose -3*l - p = -3. Let d be (-31)/(-5) + 3/l. Calculate the greatest common factor of 12 and d.
6
Let q be ((-3)/((-30)/(-8)))/(30/(-225)). Let i be q/(-16) - 74*639/(-144). Suppose 331*l - 54 = i*l. Calculate the greatest common divisor of 6 and l.
6
Let d(k) = -k**3 - 32*k**2 - 140*k - 132. Let t be d(-27). Calculate the highest common divisor of 2859 and t.
3
Suppose 4*o - s - 3*s - 4 = 0, -2*o - s = -17. Suppose -11*d + 220 = -o*d. Let j = -40 + d. What is the greatest common factor of 4 and j?
4
Let p(z) = 3*z**2 - 37*z + 164. Let o be p(19). Suppose -241*w + 237*w = -o. Calculate the highest common factor of w and 16.
8
Let z be (405/54)/(10/24). Let j(b) = -b**3 - 3*b**2 - 3*b - 6. Let y be j(-3). Let p = 6 - y. Calculate the greatest common factor of p and z.
3
Let j = -3450 - -3901. What is the highest common factor of 88 and j?
11
Let a = 578 - 290. Let o = -4 + 8. Suppose -o*y + 7*y - a = 0. What is the highest common divisor of y and 32?
32
Suppose 4*n + 4*j = 5616, 3*n - 74*j - 4244 = -69*j. Suppose 21*f - 9*f - 264 = 0. What is the greatest common factor of f and n?
22
Suppose -1578 = 68*r - 3505 - 11537. Calculate the greatest common divisor of 1254 and r.
66
Let a(j) = 3*j**2 + 61*j - 420. Let l be a(-30). Suppose 4*y + 2*x - 42 = -2, 0 = x - 2. Calculate the highest common divisor of l and y.
9
Let x be (4 - -4)/(-16)*-4. Let z be 0 - 0/(2 + 1). Let s be (-11)/(z + (-1)/x). Calculate the greatest common divisor of s and 88.
22
Suppose -30*y - 240 = -64*y + 30*y. What is the greatest common divisor of 1728 and y?
12
Suppose 11*p + 220 = -0*p. Let m be 1/(-4) + (-265)/p. Suppose -2*g + 289 - 45 = 5*v, -4*g - 5*v + 478 = 0. Calculate the greatest common divisor of g and m.
13
Let w = 0 + 5. Suppose 3 = w*t - 2. Let k(q) = -q**3 - 65*q**2 - 14*q - 894. Let f be k(-65). What is the greatest common divisor of t and f?
1
Let l = 102 + -98. Suppose -l*u + 17 + 75 = 0. Let p(y) = y**2 - 23*y + 88. Let d be p(u). What is the highest common divisor of 66 and d?
22
Let s be -3 - (-4285)/(-35) - 6/(-14). Let r = 243 + s. Suppose 370 = 9*d + r. Calculate the highest common divisor of d and 14.
14
Let n be -560 - (2 + 2 + -7). Let d = n - -645. What is the greatest common factor of 704 and d?
88
Let u = -4429 + 4572. Let w = -87 - -157. Suppose 4*t - w = -t - 5*g, 3*t = 3*g + 36. Calculate the highest common divisor of t and u.
13
Let d be (-27666)/(-15)*((-15)/12)/(7/(-14)). What is the greatest common divisor of d and 795?
159
Let v = 12901 - 12889. What is the highest common factor of v and 19152?
12
Suppose -5*z = -3*i - 8 + 168, -3*i + 4*z = -161. Suppose -140 = -19*n + 5*n. What is the highest common divisor of n and i?
5
Let g be (-32304)/(-38) - 11/(1672/16). Calculate the greatest common factor of g and 340.
170
Suppose 0 = 65*r - 148*r + 263774. What is the highest common divisor of r and 350?
14
Let i(g) = 23*g - 6. Let p be i(3). Let x be ((-10)/(70/p))/(6/(-32)). Calculate the greatest common divisor of 96 and x.
48
Suppose 33*u = 3*o + 1017, -56*u + 4*o = -60*u + 132. Suppose -k + 1867 = 3*t + 377, -5*t + 2*k + 2476 = 0. Calculate the greatest common divisor of t and u.
31
Suppose 0 = -5*z - 48*h + 43*h + 5, 0 = -5*z + 2*h + 26. Calculate the highest common factor of 676 and z.
4
Suppose 15*r - 58 = -13. Suppose -3*x - r*v = -612, 0 = 2*x + v - 213 - 200. Calculate the greatest common divisor of x and 11.
11
Let h(n) = -2*n**2 - 196*n + 10. Let d be h(-98). Suppose 139 + 61 = 4*c. What is the greatest common divisor of c and d?
10
Let y be (-12)/(-12 - 232770/(-19400)). Calculate the highest common factor of 80 and y.
80
Let h(f) = f**3 - 4*f**2 + f - 1. Let q be h(4). Suppose -129 = -q*v + 186. Suppose -12*g + 22 = -120 - 38. What is the greatest common factor of v and g?
15
Let x(